Let z(p) = 50*p**3 + 4*p**2 - 5*p + 2. Let f be z(2). Suppose 2*u + u = f. What are the prime factors of u?
2, 17
Suppose -1751*x = -1745*x - 16998. What are the prime factors of x?
2833
Let i = -1576 - -2969. List the prime factors of i.
7, 199
Let d be (-10)/(-15)*(-4 + 16). Suppose -4*l = d*r - 4*r - 708, 527 = 3*l + r. What are the prime factors of l?
5, 7
Let b = -1507 - -3095. What are the prime factors of b?
2, 397
Let p(d) = -d**2 - 5*d + 13. Let o be p(-8). What are the prime factors of 14/(-77) - -1135*(-1)/o?
103
Let z = -673 - -1389. What are the prime factors of z?
2, 179
Suppose 2*r - 6 = 4*r. Let j be 6/4*(-214)/r. Suppose j = 3*u - 1. What are the prime factors of u?
2, 3
Let u(f) = 6*f - 25. Let d be (-16 - -1)/((-9)/6). List the prime factors of u(d).
5, 7
Suppose -34 = -2*r - j + 31, 3*j + 45 = 2*r. What are the prime factors of ((-24)/(-5) + -2)*r?
2, 3, 7
Suppose -84*b + 2595 = -79*b. List the prime factors of b.
3, 173
Let v be ((-36)/(-14))/((-39)/14 - -3). Suppose -5*b = -v*b + 644. What are the prime factors of b?
2, 23
Suppose -1310 - 1002 = -8*n. List the prime factors of n.
17
Suppose c = 7*t - 12*t + 8493, -3392 = -2*t - 3*c. List the prime factors of t.
1699
Suppose -18 = 3*g - 30. Suppose 268 = -g*r + 696. List the prime factors of r.
107
Let m be (-2)/(10/(-5)) - -154. Suppose -1333 = -2*h + m. List the prime factors of h/28 - 9/(-21).
3
Let r be 7/(((-7)/2)/(-7)). Let l(n) = -5*n**2 + r*n**2 + 1 + 14*n**2 - 5*n**2. List the prime factors of l(-1).
19
Suppose 155 = -18*t + 785. Suppose 22 = z + 2*o, 3*o + o + 52 = 4*z. Let x = t - z. What are the prime factors of x?
19
Suppose 4*t = 3*l + 7 - 0, 2*l - 2 = t. Let q(h) = 4 - 5*h**2 + 5*h + h**3 + h**2 - l. What are the prime factors of q(4)?
3, 7
Suppose 3*n - 104 = 2*n - 4*k, 3*n = 3*k + 312. Suppose 4*s = 6*s - n. What are the prime factors of s?
2, 13
Let q = 1 + 3. Let u = -5 + 5. Suppose u = -4*b - q*o + 96, -5*b + 165 = -6*o + 2*o. What are the prime factors of b?
29
Let z(y) = 26*y**2 + 4*y - 7. Let t(f) = f**2 + f + 2. Let w be t(0). List the prime factors of z(w).
3, 5, 7
Let m be 2 + 21 + (-1 - -1). Let g = m - 17. List the prime factors of 3*g/(-45)*-45.
2, 3
Suppose 2798 = 3*x - 7027. What are the prime factors of x?
5, 131
Let h(c) = -31*c**2 - 3 + 17*c**2 + 19*c - 5*c + c**3 + 17. Let o be h(14). Suppose -4*i = -7*i + o. What are the prime factors of i?
2, 5, 7
Suppose -166 = 4*s - 2*s. Let a = -51 - s. Let f = a + -13. What are the prime factors of f?
19
List the prime factors of (1209/(-6))/((-16)/32).
13, 31
Let h(i) = 3*i**2 + 3*i + 14. Let w be (19 - 3)/4 + -10. What are the prime factors of h(w)?
2, 13
Suppose k = 3*g + 172, -3*g - 1033 = -5*k - 149. Let j = k - 78. Suppose 5*i + 0*i = j. List the prime factors of i.
2, 5
Let g = -19 - -24. Suppose g*u = 3*u + 10. Suppose 0 = -u*j - 17 + 227. List the prime factors of j.
2, 3, 7
Suppose -2 + 8 = 2*u. Suppose 0*t - u = -t. Suppose -t*z - 65 = -2*m, 3*m = -m + 3*z + 115. List the prime factors of m.
5
Suppose -8*q - 8 = -3*s - 4*q, 10 = 3*s - 2*q. Suppose -5*p - 4*b + 157 - 14 = 0, -p = s*b - 35. List the prime factors of p.
3
Let c be (-1)/8*4*(-12)/(-2). What are the prime factors of c/2 + (-1605)/(-10)?
3, 53
Let k be (-294)/12 - (-2)/4. Let r = k - -30. List the prime factors of r/(-4)*-1*24.
2, 3
Let b be 30/75 - 168/(-5). Suppose 4*m - b = 98. List the prime factors of m.
3, 11
List the prime factors of 1003/((-7)/(-63)*9).
17, 59
Let g(x) = 2*x**2 + 8*x + 2. Let s be g(-4). List the prime factors of s - (4 + -30 + 1).
3
Let w = 312 + 13. List the prime factors of w.
5, 13
Suppose -2*g = -4*g + 84. Suppose 0 = 9*b - 14*b - 45. What are the prime factors of (g/(-4))/(b/24)?
2, 7
Let a(d) = 30*d**3 + 9*d**2 - 16*d + 6. What are the prime factors of a(3)?
3, 283
Suppose 4*w - 306 - 323 = -5*r, -379 = -3*r - 4*w. Suppose -2*g = -5 - 9. Suppose -3*v = -r - g. What are the prime factors of v?
2, 11
Suppose q + 2*o - 106 = 68, 5*o = -q + 159. Suppose -3*y = -l + 177, 0 = l - 4*y + 10 - q. List the prime factors of l.
2, 3, 31
Let p(j) = -j**3 + 12*j**2 + 126*j + 57. List the prime factors of p(-17).
2, 787
Let v = 226 + -177. List the prime factors of v.
7
Let b = -119 - -810. List the prime factors of b.
691
Let r(u) = u + 18. Let a = -46 + 33. Let s be r(a). Suppose s*v = 110 - 10. List the prime factors of v.
2, 5
Let d(i) = i**3 - 13*i**2 + 4*i - 11. Let h = 0 + 17. Let x = h + -4. List the prime factors of d(x).
41
Suppose l = 2*l - 3, 4*a = 2*l + 46. Let s = 47 - a. Suppose b = -b + s. List the prime factors of b.
17
Let l = -270 - -976. What are the prime factors of l?
2, 353
Suppose 11*p - 5190 - 794 = 0. List the prime factors of p.
2, 17
Suppose 5*w - 25 = -5*d, -5*w = -4*d + 13 + 7. Suppose 0 = -7*m + 34 - 6. Suppose w = -2*f + m + 2. List the prime factors of f.
3
Suppose -u + 9*o - 11*o = -1197, 3595 = 3*u + 2*o. List the prime factors of u.
11, 109
Suppose 3*d - 5 = 1. Let n(l) = 1 + 0*l**2 + 2 - 6*l + 1 + d*l**2. What are the prime factors of n(4)?
2, 3
Suppose -p - 2*h = -626, 12*h = 2*p + 10*h - 1246. List the prime factors of p.
2, 3, 13
Suppose -70*h + 56*h + 5446 = 0. List the prime factors of h.
389
Suppose -36*u + 25*u + 176 = 0. List the prime factors of u.
2
Suppose 54 = -3*h + h - 3*c, 2*h + 4*c = -58. Let s = h - -36. Suppose -2*u = -5*z - 33, 5*u + 3*z = 2*z + s. List the prime factors of u.
2
Let f(w) = 2*w**2 + 6*w + 10. Let x be f(-3). Let c = x - 7. Suppose -u = n - 6*n + 172, -2*n + 61 = -c*u. What are the prime factors of n?
5, 7
Let g(j) = j**3 - 6*j**2 + 7*j + 6. Let p(m) be the second derivative of 7*m**5/20 + m**3/6 - m**2 + 9*m. Let o be p(1). What are the prime factors of g(o)?
2, 3
Suppose 4*a - 2*a - 4 = 0. Suppose 10 = 5*i + a*o - 5*o, 4 = 2*i + 3*o. What are the prime factors of (-504)/60*(-5)/i?
3, 7
Let h = -2098 + 3551. What are the prime factors of h?
1453
Let g(b) = -9*b + 8. Let o be g(2). Let p be (-7 - o) + 110/2. Suppose 0 = 9*k - 11*k + p. List the prime factors of k.
29
Suppose -6*f - 17 = -i - 3*f, -46 = -2*i + 2*f. Suppose 0 = i*j - 25*j - 114. List the prime factors of j.
2, 3, 19
Let v(y) = y**3 + 6*y**2 + 5*y + 3. Let j be v(-4). Suppose -j = -4*s + s. List the prime factors of (2 - 0 - s) + 9.
2, 3
Let s = -89 - -89. Suppose s*j + 616 = 14*j. What are the prime factors of j?
2, 11
Suppose -3*a + 62 - 29 = 0. Suppose 6 = -u + a. Suppose 115 = 7*h - 2*h + u*o, -5*o = -4*h + 137. What are the prime factors of h?
2, 7
Suppose -2*l + 11 = 5. Suppose 0 = l*k - 98 + 32. Suppose -19*j - 153 = -k*j. What are the prime factors of j?
3, 17
Suppose 9*q + 12 = 13*q. Suppose 31 - q = 2*b. List the prime factors of b.
2, 7
Suppose q + 5 = -h, -q + 5*h = 2*q - 25. Suppose q*n = -n + 2. Suppose 19 = x - 3*s, 7*x - 5*s = n*x + 95. What are the prime factors of x?
19
Let w(c) = c**2 - 2*c - 1. Let f be w(6). List the prime factors of f/7 - 4/14.
3
Suppose -2 = m + m - 2*t, 0 = 4*m - t - 5. Suppose -m*v - 3*u = -v - 97, -2*u = -2. What are the prime factors of v?
2, 47
Suppose 11*q - 1288 = 5807. What are the prime factors of q?
3, 5, 43
Let m = 124 - 62. Suppose -5*r - g = m, -4*g + g = -9. What are the prime factors of r/(3 - 20/6)?
3, 13
Let f(j) = j**2 + 28*j + 65. Let l be f(-26). Suppose -9 = -3*q - 4*t, -q + 3*t - 6 = -3*q. Suppose -4*y = 5*r - 72, 4*r - l = q. List the prime factors of y.
13
Let o(c) = 6*c + 5. Let y be o(-2). Let q be 1203/21 - (-2)/y. Let u = -28 + q. What are the prime factors of u?
29
Let j(b) = 3*b**2 + 2*b + 34. List the prime factors of j(-5).
3, 11
Let x = -6454 - -10832. List the prime factors of x.
2, 11, 199
Let o(w) = 2*w**2 - 3 - 9*w - 2 - 14 + 6. What are the prime factors of o(9)?
2, 17
Let r(s) = 10*s + 1. Let v(o) = o + 1. Let b(n) = r(n) - 3*v(n). What are the prime factors of b(4)?
2, 13
Let r = -540 - -4397. What are the prime factors of r?
7, 19, 29
Suppose 2*z = -5*q + 1346, -5*q + 658 = -z - 679. List the prime factors of q.
2, 67
Suppose 16*s = 25269 - 6149. What are the prime factors of s?
5, 239
Let q be ((-90)/25)/(1/(-5)). Let z be 0 + (q - 0/1). Let u = z - -11. What are the prime factors of u?
29
Suppose g + 2 - 4 = 0. Suppose 2 = 2*f + 2*w - 2, 4*w = g*f - 4. Suppose -5*m - f + 32 = 0. List the pri